(-8)/(-3))/(-4)*-15. Let a(m) = -m**2 + 12*m - 11. Let z be a(q). What is the tens digit of g(z)?
9
Let i = -266 + 301. Suppose 0 = -i*j + 36*j - 251. What is the hundreds digit of j?
2
Suppose -495*i = -475*i - 28540. What is the tens digit of i?
2
Let s = 83288 - 18932. What is the thousands digit of s?
4
Suppose 11*v - 9*v = 3*w, -9 = 3*w - 5*v. What is the units digit of (-148 + w)*-6 + 2?
8
Suppose 24*z = 350 - 62. Suppose -7*n = z - 75. What is the units digit of n?
9
What is the hundreds digit of ((-48)/128*436)/(1/(-40))?
5
Let a be (-2)/9 + (-2142)/(-162). Suppose a*w - 237 - 3741 = 0. What is the hundreds digit of w?
3
Let h be (4 - 1) + ((-7950)/(-6))/(-5). Let q be 2/(-8) - h/(-8). What is the tens digit of (304 - 1)*(q/9 + 4)?
0
Suppose -4*r + 5*j + 15180 = 0, 163*r = 162*r - 3*j + 3795. What is the tens digit of r?
9
Let k(n) = 93*n + 1122. What is the tens digit of k(74)?
0
Suppose -22*l - 110 = -32*l. Suppose -2*j = -4*u - 1696, 4*u + 1 = -l. What is the units digit of j?
2
Let f = 3191 - -22316. What is the tens digit of f?
0
Suppose -2*j + 2199 = -3471. Suppose -9*w + j = -2*w. Suppose 3*r - 5*h = -3*h + w, -5*h = -15. What is the units digit of r?
7
Let q = -16011 - -27421. What is the units digit of q?
0
Suppose -10*o + 15300 = -9640. What is the units digit of o?
4
Suppose -2400*a + 2349*a + 379576 + 1367429 = 0. What is the units digit of a?
5
Let i be (-30)/(-24) - 20/16. Suppose 5*l = 3*k + 1358, 1085 = -i*l + 4*l - k. What is the units digit of l?
1
Let s be (12/(-48))/((-2)/152). What is the tens digit of -2*s*(12 - 17)?
9
Suppose -20*b - 27*b = -152186. What is the hundreds digit of b?
2
Suppose 470*p + 3*q = 465*p + 170422, -p + 2*q + 34087 = 0. What is the units digit of p?
5
Suppose 3*k - 23 = -14. Let t(f) = 208*f**2 + 9*f. Let v be t(k). What is the tens digit of 3/4 - v/(-12)?
5
Let l(s) = -2*s**3 - 20*s**2 - 22*s + 5. Suppose -x - 3 - 2 = d, 41 = -5*x - d. What is the tens digit of l(x)?
4
Let q(o) be the first derivative of -o**4/2 + 4*o**3/3 - 7*o**2/2 - 7*o + 18. Suppose -5*w - 44 = 6*w. What is the tens digit of q(w)?
1
Let m be 16/36 + 3/((-162)/(-894)). Let j(y) = 8*y + 3*y**2 - 6 - 4*y**2 + 10*y. What is the units digit of j(m)?
1
Let s be -2 + -5 + ((-90)/9)/(-2). What is the tens digit of 1441 + 0 + 2/s?
4
Suppose -3*y + 160244 = 5*z, 3*y = 4*z - 181011 + 52778. What is the thousands digit of z?
2
Let c(w) = 35*w + 64. Let u be (-70)/84 + (-106)/(-12). What is the hundreds digit of c(u)?
3
Let c = -93447 - -136770. What is the ten thousands digit of c?
4
Let j(t) be the second derivative of 16*t + 1/2*t**3 - 1/20*t**5 - 4*t**2 + 2/3*t**4 + 0. What is the tens digit of j(8)?
1
What is the hundreds digit of (-8)/10 - 8/(-20)*(-124489)/(-2)?
8
Let b = 280 - 270. Suppose i - 3*p = 279, -2*i + b*p - 6*p = -554. What is the units digit of i?
3
Let w be 1494/(-75) + 8/(-100). What is the hundreds digit of (219 - 0) + w + 24?
2
Let u(z) be the first derivative of 8*z**3/3 + 3*z**2 - 8*z - 1. Let m be -16 + 9 - -11 - 0/(-1). What is the units digit of u(m)?
4
What is the ten thousands digit of 30669/2 + 6 + (-154)/28?
1
Let z be 7*(-10)/5 - (-2 - 2). What is the thousands digit of ((-14481)/18)/(5/z*1)?
1
Let n(c) = -2*c**2 - 45*c - 4. Let z be n(-23). Suppose -4*o - 71 = -m - 5*o, 0 = -m - 3*o + 63. Let q = m + z. What is the tens digit of q?
4
Let l(s) = -1202*s - 19. What is the thousands digit of l(-2)?
2
Suppose -6*r + 29 - 23 = 0. Let s(v) = 849*v**3 - 2*v**2 + v. What is the units digit of s(r)?
8
Let b(z) = -557*z - 478. What is the hundreds digit of b(-11)?
6
Suppose 2*i + b = -7738 + 55624, -i - b = -23942. What is the ten thousands digit of i?
2
Let m(t) = 538 - t**3 + 18*t**2 + 13*t - 262 - 261. What is the hundreds digit of m(14)?
9
Suppose 12*s = 103 + 77. Suppose 8*n = 13*n - s. Suppose -3*p + 126 = -n*a, 80 = 2*p - 0*p - a. What is the units digit of p?
8
Suppose -4*f - 3*q = 87, q - 10 = 2*f + 21. Let g(r) = -14*r - 107. What is the hundreds digit of g(f)?
1
Suppose 5*h + 1403*l - 21984 = 1407*l, 4*h - 2*l = 17592. What is the thousands digit of h?
4
Let d(q) = 66*q - 58. Let l(p) = p + 18. Let r be l(-12). What is the tens digit of d(r)?
3
Suppose 6*q + 5817 + 417 = 0. Let r = q - -1642. What is the hundreds digit of r?
6
Suppose -5*f + 8 - 4 = -2*o, 0 = -4*f - 3*o - 6. Suppose -12*u - 15 + 15 = f. Suppose u = 6*s + 276 - 1194. What is the hundreds digit of s?
1
What is the tens digit of (-68934)/4*((-32)/120)/(5/25)?
7
Let m(v) = 202*v + 205*v - 408*v. Let q be m(-2). What is the units digit of (q + 3/(-2))/((-11)/(-2750))?
5
What is the thousands digit of 6*(-8 + 1270/160) + (-485826)/(-48)?
0
Let t(f) = 20*f + 2. Let a be t(0). Suppose 3*k - 581 - 103 = a*r, 3*r = -k + 217. What is the tens digit of k?
2
Suppose 112*z - 2804245 = 41*z - 33399. What is the ten thousands digit of z?
3
What is the units digit of (4 + 64316)/(84 + -82)?
0
Let k = 11449 - 4138. What is the units digit of k?
1
Let y(d) = -3*d**2 - 6 + d**2 - 16*d + 6*d. Let z be y(-5). What is the units digit of ((-15)/z + -2)*(-558)/(-3)?
3
Let c = -36246 + 51830. What is the hundreds digit of c?
5
Let d = -8921 + 35420. What is the tens digit of d?
9
Let x = 465 + -709. Let t be ((4/10)/(6/30))/2. What is the tens digit of t/((1 + -5)/x)?
6
Let b(p) = p**3 - 38*p**2 - 30*p - 307. What is the units digit of b(43)?
8
Suppose -6*o = -2*o - 20, -4*o = 3*f + 244. Let m be (-2136)/72*12/2. Let u = f - m. What is the units digit of u?
0
Let t(o) = 3*o**2 - 10*o - 76. Let l be t(-12). Suppose 0 = -159*n + 160*n - l. What is the units digit of n?
6
Let n be (1 + -2 + 4)*62/6. Let c = n + -28. Suppose c*b - 14*b = -660. What is the units digit of b?
0
Suppose 5*w = 112213 + 51762. What is the hundreds digit of (-7)/(-70) - w/(-50)?
6
Suppose -19339 = 39*p - 197335. What is the thousands digit of p?
4
Let g(n) = 18*n**2 - 12*n - 3. Let v be g(-12). Suppose 3*q - v = -255. Suppose 0*h - q = -7*h. What is the units digit of h?
8
Let w = 303 - 609. Let v = w + 682. What is the units digit of v?
6
Let g(q) = -8*q**2 - 3*q - 5. Suppose y - n + 3 = 0, -5*y - 6*n + 3*n - 7 = 0. Let h be g(y). Let d = 77 + h. What is the units digit of d?
6
Suppose 49 = 2*m - 4*a + 19, 3*m = 5*a + 42. Suppose -4*d - 3*p + 459 = 0, 0 = 5*d - m*d - 5*p + 453. What is the tens digit of d?
1
Let g = 30 - 17. Suppose -g*f = -15*f + 50. Let v = f + 32. What is the tens digit of v?
5
Let y = 12333 + -11274. What is the thousands digit of y?
1
Suppose 6*r - 7*r + 19 = 0. Let s = r + -10. Suppose -s*g - 16 = -11*g. What is the units digit of g?
8
Let x(l) = 47*l**2 + 228*l - 5155. What is the tens digit of x(22)?
0
Let q = -100 - -99. What is the units digit of (3 + 16/q)/((-7)/14)?
6
Let j = 10104 - 84. What is the thousands digit of j?
0
Let x = -233 + 238. Let u(c) = 10*c**2 + 2*c - 7. What is the hundreds digit of u(x)?
2
Let u(h) = -15 + 2*h**3 - 180*h**2 - h**3 + 12*h + 172*h**2. Suppose -13 = -4*y - 3*b, 3*b + 2*b - 3 = -4*y. What is the tens digit of u(y)?
2
Let s = 21 - -198. Suppose -s - 29 = -4*k. Let m = -28 + k. What is the units digit of m?
4
Let x(l) = -6*l + 99. Let s be x(16). Suppose -4*f - f + 1695 = 5*b, -s*b - 678 = -2*f. What is the hundreds digit of f?
3
Let k(t) = 440*t**2 + t. Let y be k(1). Let h = -1747 - -1495. Let w = h + y. What is the tens digit of w?
8
Let p(o) = -o**3 + 10*o**2 - 15*o + 1. Let m be p(6). Let s = -51 + m. What is the tens digit of ((-1085)/(-20) - 0) + (-1)/s?
5
Suppose 5*f = 10*w - 8*w - 124, -3*f - 204 = -3*w. Let u be (15/9)/(40/w). Suppose 0 = u*j - 4*l - 0*l - 753, 3*l + 501 = 2*j. What is the units digit of j?
5
Let j(n) = -20*n + 60. Let p be j(3). Suppose -2*g - 5*u + 1121 = p, 57*g + 5*u + 2750 = 62*g. What is the units digit of g?
3
Let s = 312 + -307. What is the tens digit of 1 + 62 + 0 + 0 + s?
6
Let y(t) = -23 - 2*t**2 + 47*t + 28*t + t. What is the tens digit of y(27)?
7
Suppose -2*q - 2*w = 3*w + 34, 4*q + 68 = w. Let j(x) = 2*x**2 + 20*x + 4. What is the units digit of j(q)?
2
Suppose -4*f + 22*s + 72795 = 17*s, f - 3*s - 18183 = 0. What is the hundreds digit of f?
2
Let v = -2944 - 3782. Let q be v/(-33) - (-2)/11. Let u = q + -63. What is the tens digit of u?
4
Suppose -186906 = -5*y + 3*i, -66126 =